(z) - 5*q(z). Determine r(-3).
9
Let s(y) = -39*y - 169. Let w(g) = 3*g - 1. Let i(x) = s(x) + 6*w(x). What is i(-8)?
-7
Suppose 36 = 12*u - 3*u. Let n(d) = d**3 - d**2 - 14*d + 10. Let g be n(u). Let q(w) = 60*w**2 - 3*w + 5*w - 61*w**2 - 3. Calculate q(g).
-3
Let a(g) = 26150 + 0*g - 26148 - 11*g + 10*g. Give a(-25).
27
Let j(s) = 3*s**3 + 5*s**2 - s. Let z(h) = 10*h**3 + 16*h**2 - 3*h. Let b(y) = -7*j(y) + 2*z(y). Let o = 6686 - 6689. Determine b(o).
-3
Let u(i) = -53*i - 48*i - 46*i + 143*i - 35. Calculate u(-9).
1
Let i be (-5 - -6)/(0 - 1). Let y(n) be the first derivative of 17*n**5/120 - 28*n**3/3 - 58. Let r(m) be the third derivative of y(m). Give r(i).
-17
Suppose -15*r - 24 = -13*r. Let t be r/54 + (-224)/(-36). Let x(s) = 3*s - 1. Give x(t).
17
Let i(l) = -31*l - 24. Let v(j) be the second derivative of 11*j**3/6 + 4*j**2 - j + 16. Let q(o) = -6*i(o) - 17*v(o). Calculate q(7).
1
Let q be 1*-1 - 88/(-4). Let x(z) = 435*z**2 + z**3 - 4*z**3 + 41*z - 209*z**2 - 207*z**2 + 2*z**3 + 23. Let t be x(q). Let v(g) = -g. What is v(t)?
-2
Let f(n) = n**2. Let k(g) = 6*g**2. Let l be (-1)/(2 + 10/(-4)). Let s(a) = l*k(a) - 15*f(a). Let t = 952 + -953. What is s(t)?
-3
Let f(b) = -5*b + 2. Suppose 25 = 18*l - 16*l - d, -3*d = l - 23. Let n be (-1 - 2)/(-3) - -1. Suppose -c = 2*v - 16, 4*c = n + l. Calculate f(v).
-28
Suppose 3*a = 5*c - 43, a + 4*a - 35 = -5*c. Let b(d) = 9 - d + 15 + 13 - 30. Give b(c).
-1
Let q(g) = 28 + 66 + 16 + 383*g**2 - g**3 - 383*g**2 + 3*g. Give q(0).
110
Let g(v) be the first derivative of -12*v**2 - 51*v - 4550. What is g(-3)?
21
Let q(u) be the third derivative of -u**5/30 - 13*u**4/24 - 19*u**3/6 - 1219*u**2. Calculate q(-7).
-26
Suppose -3*h = w - 13, 0 = -7*w + 10*w - h - 9. Let u be 3*78 - (0 + w). Let z(x) = x**2 - 2*x + x**2 + 233 - u. Determine z(2).
7
Let j(p) = 7*p + 3. Suppose -6*m + m + 574 = 2*q, -2*q = -5*m - 574. Suppose 0 = 5*c - 2*d - q + 55, 164 = 3*c + 5*d. Suppose -5*w = -38 + c. Determine j(w).
-11
Let q(v) = -v - 4. Let j = -108 + 102. Let p be ((-8)/(-5))/(j/75). Let g be ((-6)/4)/((-5)/p). Calculate q(g).
2
Let n(d) be the first derivative of d**3/3 - 11*d**2/2 + 11*d + 7615. What is n(19)?
163
Let i = -6 + 9. Let f(o) be the second derivative of -o**3/3 + 7*o**2/2 - 6969*o + 17. Calculate f(i).
1
Let z(l) = 3*l - 19. Let q(s) = 2*s**3 - 2*s - 2. Let a be q(3). Suppose 4 = -6*i + a. Let y be z(i). Let x(b) = b**3 - 4*b**2 + 3*b - 1. Calculate x(y).
-3
Let g(t) = -t**2 - 3*t + 36. Let w be 26/(-4) + (-18)/108*3. What is g(w)?
8
Let p(w) = -4*w + 8. Let x be p(0). Let f(q) = 6*q**3 - 2*q**2 + 3. Let g be f(2). Let j(u) = u**2 - 8*u + g - u - 51. What is j(x)?
-16
Let u be 6 + (-32)/8 - (5 - -1). Let y(v) = 7 + 2 - 5*v + v**3 - 6 - v**2. Let j(g) = -g**2 - g + 1. Let p(s) = -5*j(s) + y(s). What is p(u)?
-2
Let j(a) be the third derivative of a**5/60 - 29*a**4/24 + 17*a**3/3 + 643*a**2 - 2*a - 1. Determine j(23).
-104
Suppose -22*l - 54 = -1088. Suppose 0 = -3*v + 4*u - 28, -5*v + 4*u - l - 5 = 0. Let r(n) = n**2 + 12*n + 2. What is r(v)?
2
Let l(h) = -h**3 + 2*h**2 + 5*h - 3. Let y be l(3). Let s(w) = 2*w - w**2 - w + w**y + 4*w**2. Suppose 6*g + 291 = -33*g + 174. Give s(g).
-3
Let n(w) be the first derivative of -9/2*w**2 + 6*w + 1/3*w**3 + 87. What is n(8)?
-2
Let a(t) = -16*t + 6. Suppose -160*i - 1 = 103*i - 1. What is a(i)?
6
Let d(l) = -31034*l + 87 + 15520*l + 15506*l. What is d(10)?
7
Let c(l) = -25*l + 6. Let i(h) = -56*h + 14. Let s(g) = 9*c(g) - 4*i(g). Let u be 0 - 3/(-12)*0. Calculate s(u).
-2
Suppose 79*o + 340 = 24. Let x(w) = -6*w + 8. Determine x(o).
32
Let o(u) = -21*u**3 + 0 + 5*u + 3 + 2*u**3 + 18*u**3 - 5*u**2. Determine o(-5).
-22
Suppose 32 = -5*d + 37. Let y(k) = -10*k**2 - 4*k + 4. Let w(l) = -98*l**2 - 42*l + 42. Let h(p) = -2*w(p) + 21*y(p). What is h(d)?
-14
Let w(s) = -3*s**2 - 3*s + 3. Let d(p) = 10*p**2 - 17*p**2 - 13 + 2*p**2 + 9*p**2 + 13*p + 10*p**2. Let t(i) = 4*d(i) + 18*w(i). Calculate t(2).
6
Suppose 0 = 6*n + 3*n - 99. Suppose n = -4*u - b, 6 = 2*b + 12. Let o(l) = 2 + 1 - 2 - 3*l. Determine o(u).
7
Let k(m) = m - 9. Let w = -480 - -687. Let y = -199 + w. What is k(y)?
-1
Let r(l) = -l**2 - 4*l - 3. Suppose 0 = 9*h - 7*h - 3*b + 13, b = -5*h - 7. Let x(j) = -5*j - 14. Let v be x(h). Let n be ((-4)/22 + 15/22)*v. Determine r(n).
1
Let h(w) = -w**2 + 8*w + 6. Let y(f) = 95*f + 16. Let c be y(3). Let u be (-3)/1 + c/(-7). Let x = 53 + u. Calculate h(x).
13
Let v(t) be the first derivative of 13*t**2/2 - 6*t + 3. Suppose 0 = -13*k + 5 - 83. Let c(w) = -w + 1. Let l(s) = k*c(s) - v(s). Give l(-2).
14
Let o(q) = -2*q - 1. Let a(z) = 4 - 46*z - 62*z - 3 + 110*z. Let g(i) = i - 1. Let t be g(-3). Let d(f) = t*a(f) - o(f). Determine d(-3).
15
Suppose -2*p = 5*n - 49 + 14, n - p = 0. Suppose -n*y = -5*a - 10 - 30, y = -5*a - 16. Let t(l) = -3*l**2 + 5. Determine t(a).
-43
Let x(j) = 115*j - 4. Let y(v) = -137*v + 5. Let z(r) = -6*x(r) - 5*y(r). What is z(6)?
-31
Let x be (9/(-6))/((-6)/64). Let v = x - 19. Let m(c) be the third derivative of c**5/30 + c**4/8 + c**3/2 - 5*c**2. Determine m(v).
12
Let c(u) be the third derivative of u**6/120 + u**5/60 - u**4/24 - 49*u**3/6 + 6*u**2. Let m = -8813 - -8813. Calculate c(m).
-49
Let u(s) be the third derivative of 0*s + 0 + 145*s**2 - 7/3*s**3 - 1/24*s**4. What is u(10)?
-24
Let s(w) = w**3 - 2*w**2 + w + 2. Let i(l) = -l**3 - l**2 - 7*l + 3. Let d be i(0). Suppose 14*g + d*g = 34. Determine s(g).
4
Let w(d) = -d**2 + 2*d. Let n be 139*(-2)/(-4) + (-44)/(-88). Let v be (-9)/(-15)*-1 - (-42)/n. Determine w(v).
0
Let r(v) = -2*v - 3. Suppose 0 = 4*p + 3*a - 4, 2*p - 5 = -3*p - a. Let i be -23*1 - (5 - (3 + p)). Let w = i + 21. Give r(w).
3
Let i(r) = 23*r + 454. Suppose 4*z - 2*l = -96, 4*z + 53*l = 56*l - 104. Calculate i(z).
-6
Let g(v) = 3*v - 11. Let i(p) = p - 2. Let n(f) = g(f) - 4*i(f). Let l(u) = -u**2 - 6*u. Let d(s) = l(s) + 2*n(s). Determine d(-7).
1
Let x(r) = r**2 + r - 2. Suppose 7*m = 268 - 275. Determine x(m).
-2
Suppose 0 = 73*d - 129 + 640. Let a(q) = -q**3 - 5*q**2 + 6*q. Determine a(d).
56
Suppose -2*a = -g - 11, 11*g = -5*a + 8*g. Suppose 0 = -3*k + 3*b + 18, -a = k - 22*b + 24*b. Let d(c) = -2*c**2 + 3. What is d(k)?
-15
Let h be 2 - (1172/(-3))/((-21)/(-63)). Let g(f) = -591 - 584 + h - f. Determine g(14).
-15
Let i be 1/(-3) + (-58)/6. Let y = 6 + i. Let j(w) be the first derivative of w**4/4 + w**3 - w**2 + 3*w + 30244. Give j(y).
-5
Let o(l) be the second derivative of l**5/20 - 25*l**3/6 + 5*l**2/2 + 95*l + 9. What is o(-5)?
5
Let w(t) be the third derivative of -t**7/2520 + t**6/45 - 7*t**5/120 - 91*t**4/24 - 13*t**2 - 2. Let r(l) be the second derivative of w(l). Give r(12).
41
Let o = -4967 + 4999. Let z(s) = s**2 - 31*s - 25. Calculate z(o).
7
Let b(v) be the second derivative of 0 + 7/24*v**4 + 9*v**2 + 1/60*v**5 - 11*v + 1/6*v**3. Let t(h) be the first derivative of b(h). Determine t(-3).
-11
Let b(a) be the first derivative of -a**3 + 3*a**2 - 7*a - 333. Determine b(2).
-7
Suppose -28 = 43*f - 47*f. Let b(s) = s**2 - 14*s + 43. Let k be b(f). Let v(c) = 8*c + 32. Let d(m) = -3*m - 11. Let g(w) = -11*d(w) - 4*v(w). Give g(k).
-13
Let h = 4516 + -4493. Let a(b) = -b**2 + 23*b - 33. Determine a(h).
-33
Suppose 5*o = -10, 5*m + 12*o + 876 = 14*o. Let f be 858/m + (-3)/24. Let x(u) = -u**2 - 6*u + 5. What is x(f)?
10
Let v(g) = g**3 + 3*g**2 + 10*g. Let r(o) = 5*o**3 + 12*o**2 + 82*o + 38. Let l(b) = -r(b) + 6*v(b). Give l(-8).
10
Suppose 0 = -136*q + 138*q - 3*h - 4, 5*h = 4*q - 8. Let d(s) = s**2 + 3*s - 5. What is d(q)?
5
Let q(a) = -a**3 - 14*a**2 - 40*a + 22. Let p(b) = -b**3 - 27*b**2 - 101*b - 41. Let x be p(-4). Calculate q(x).
-3
Let t(z) = -6*z**2 + 16 + z**3 + 15*z**2 - 113*z + 11*z**2 + 114*z. Give t(-20).
-4
Let h(z) be the first derivative of -z**4/2 - 4*z**3/3 + z**2/2 - 10*z - 2067. Give h(-3).
5
Let c(b) = 3*b**3 - 1153*b**2 + b + 6. Let a(q) = -2*q**3 + 693*q**2 - 3. Let z(p) = -5*a(p) - 3*c(p). Let f = 20 + -14. What is z(f)?
-21
Suppose 949 = 5*c - 5*o + 3454, -1006 = 2*c - o. Let b = c - -509. Let t(f) = f**3 - 5*f**2 + 3*f + 4. Calculate t(b).
0
Suppose 4*k - 16 = -5*m, 0*k - 7 = 7*k. Let f(h) be the second derivative of 2/3*h**m + 0 + 7/6*h**3 - 1/2*h**2 + 23*h + 1/20